 u.
13
Let i = 191 + -131. Let a(h) = -4*h**3 + 2*h**2 + 4. Let y be a(2). Let j = 44 + y. What is the greatest common divisor of j and i?
12
Suppose 609 + 828 = 3*y - 3*p, -20 = -4*p. Let j = -54620 + 54664. What is the greatest common divisor of j and y?
44
Suppose 2*h = 4*i - 98 + 12, -3*i = h - 72. Suppose 374 = 5*x - 5*k - 881, -2*k - 249 = -x. What is the greatest common factor of x and i?
23
Let c(m) = 4*m + 93. Let y be c(-24). Let g be (y - 0 - 10)*-1. What is the highest common factor of g and 52?
13
Let j be 54/(-90) - (1 + (-234)/15). Suppose -14*x - j*x + 14112 = 0. What is the highest common divisor of x and 112?
56
Suppose b = 2*b + 1, 44 = -u - 5*b. Let p = u - -43. Let h be (3 - (-12)/(-6))/((-1)/(-4)). Calculate the highest common factor of p and h.
4
Suppose 86*p - 595 = 22*p - 6*p + 665. Let n(x) = -6*x**3 - 3*x**2 - 2*x + 6. Let k be n(-6). What is the greatest common factor of k and p?
18
Let k be ((-40)/(-30))/(2/(-3)). Let j be k/(-2)*(-320)/(-4). Suppose -19 - 61 = -8*x. Calculate the highest common factor of x and j.
10
Let n be ((-1215)/(-15))/(6/8). Let b be (371/35 + -4)*45. Calculate the greatest common divisor of b and n.
27
Let o be 4*5*(-426)/(-15). Calculate the highest common factor of 8 and o.
8
Suppose 34*w - 33*w + 20 = 2*f, -4*w - 8 = 4*f. Calculate the highest common factor of 3000 and f.
6
Let v be 3204/36*(2 + (-2 - -1)). Let j = v + -68. What is the greatest common factor of 420 and j?
21
Suppose 174 = -4*x - 230. Suppose -5*o = 0, y + 5*o = -0*o - 33. Let t = y - x. What is the greatest common factor of t and 17?
17
Let s(o) = 2*o + 13. Let g be s(9). Suppose 5*r + 144 = 3*i + i, -4*r + 139 = 5*i. Calculate the highest common divisor of g and i.
31
Let w(x) = 77*x + 1381. Let u be w(-17). Calculate the highest common factor of 2214 and u.
18
Let q = -3130 + 3190. What is the greatest common divisor of q and 420?
60
Let o(x) = 2*x**2 - 18*x + 33. Let h be o(2). What is the greatest common divisor of h and 1255?
5
Let j be (-18 - -17)/(((-232)/(-14))/(-4) + 4). Calculate the greatest common divisor of j and 40.
1
Let a be 26 + (0 - -1) + -2. Suppose -3*o - 2*b = 2*o - a, -5*b + 40 = 5*o. Let d be (-5 + 1)/(o/(-6)). What is the highest common divisor of d and 1?
1
Let j(f) = f**3 - 16*f**2 + 8*f - 16. Let v be j(16). Let m = v + -30. Let h = -62 + m. What is the greatest common factor of 50 and h?
10
Let x = -162 + 851. Let m be ((-65)/(-20))/(2/8). What is the greatest common factor of x and m?
13
Let z(x) = -5*x**3 + 7*x**2 + 13*x - 5. Suppose -49*i = -37*i + 24. Let g be z(i). What is the highest common factor of 407 and g?
37
Suppose -9*l - 537 = -14*l + 3*u, 0 = -5*l - 5*u + 505. What is the greatest common factor of l and 189?
21
Let o = 815 + -929. Let t be 1/(12/o)*-8. Calculate the highest common divisor of 1 and t.
1
Suppose 0 = -o - 5*k + 1031, -2*o = 41*k - 38*k - 2097. Calculate the highest common divisor of o and 240.
48
Suppose -i = i + 3*g + 34, 5*g + 20 = 0. Let v = i - -7. Let r(t) = t**3 + 6*t**2 - 7. Let j be r(v). Calculate the greatest common factor of j and 275.
25
Suppose 4*w - 3 = 25. Suppose w*v = 3*v + 12. Let p be 156/9 - ((-10)/v)/5. Calculate the highest common factor of 27 and p.
9
Let x = 421 + -408. Suppose -14*f - x = -139. What is the greatest common divisor of f and 243?
9
Suppose -13*y + 31*y = -921 + 3315. Calculate the greatest common divisor of 1976 and y.
19
Let f = -21126 - -32116. What is the highest common divisor of 28 and f?
14
Suppose 3*o - 22 - 47 = 0. Suppose 176 = o*j - 19*j. Suppose -j = -2*z - 14. Calculate the greatest common factor of z and 15.
15
Let x(k) = k**2 + 33*k + 84. Let y be x(-33). Suppose 0 = -13*b + 34*b - 2268. Calculate the greatest common divisor of y and b.
12
Let m = 8507 + 893. Calculate the greatest common divisor of m and 10.
10
Suppose 16*q - 91 = -11. Suppose 35 = q*n - 5*k, -4*n + 3*k = -9 - 16. Suppose b + 6 = n*b. Calculate the highest common divisor of b and 10.
2
Let g = -24 - -64. Suppose -4*m + 3*m = -g. Let t be (172/(-215))/((12/(-225))/2). Calculate the greatest common divisor of m and t.
10
Let i = -158 - 448. Let p = i - -683. What is the highest common divisor of 44 and p?
11
Let i(s) = s**2 + 11*s - 61. Let j be i(-18). Suppose 0 = -4*x - n + 121, 5*n - j = -4*x + 2*x. What is the highest common factor of 330 and x?
30
Let l(z) = 2*z**3 - 11*z**2 + 10*z - 19. Let m be l(5). Suppose m*c = -14 + 470. Calculate the greatest common factor of c and 4.
4
Suppose 6*g - 30 = -2*k + 46, 0 = -0*g - 2*g - 6. Suppose 5*c + 2*v = -0*v + 1878, -3*c + 1123 = 5*v. Calculate the greatest common factor of k and c.
47
Suppose -g = -226 + 11. Suppose g*d = 206*d + 702. Let a(c) = 2*c + 2. Let f be a(12). What is the greatest common divisor of d and f?
26
Let k = -2513 + 5035. Calculate the highest common divisor of 26 and k.
26
Let g be 6/(-8) - (-341)/124. Suppose 0 = t - 5*c + 38, g*t + 173 = -2*t - c. Let i = 37 - t. What is the highest common divisor of i and 16?
16
Let q be 1/1 + -1 - -372. Let x = -301970 - -301982. What is the highest common factor of q and x?
12
Let h(q) = q**2 + 25*q + 139. Let c be h(-17). Suppose -2*j = -4*j - 5*r + 47, 5*r + 83 = c*j. Calculate the highest common factor of j and 143.
13
Suppose -801 = -7*f + 501. Let u(w) = -2*w**3 + 16*w**2 + 18*w + 3. Let m be u(9). What is the highest common factor of m and f?
3
Suppose 2*y - 4*o = 112, -4*o + 97 + 61 = 3*y. Suppose j = -3*k + y, 0*k + k - 22 = j. What is the greatest common divisor of k and 437?
19
Let d be ((-3)/(-5))/(1/7 - (-36176)/(-258720)). Let h(q) = -q**3 - 4*q**2 - 5*q + 2. Let p be h(-4). Calculate the greatest common factor of d and p.
22
Let w be (-3 - (1 + 0)) + (-170)/(-5). Let v(r) = 89*r + 1. Let m be v(1). What is the highest common divisor of m and w?
30
Suppose 5 = k + m, 0*k - 2*m = -5*k + 4. Suppose k*c + 3444 = 5*i, 0 = -5*c - 12 + 27. What is the greatest common factor of i and 69?
69
Let m = -27 - 361. Let d be 3*3/(-9) - m. Suppose -368*h + 86 = -366*h. What is the highest common divisor of d and h?
43
Let t be ((-204)/153)/(1/704)*(10 - 13). What is the highest common factor of 1936 and t?
176
Suppose -2*o = 9 + 3. Let y(u) = u**2 + 3*u - 15. Let x be y(o). Let s be x/((-9)/(-88)) - (-26)/39. Calculate the greatest common divisor of 6 and s.
6
Let s = -484 + 539. Suppose -45 = -s*k + 50*k. Calculate the greatest common divisor of 48 and k.
3
Let w be -12*300/(-126)*7. Calculate the greatest common factor of 160 and w.
40
Let u = 92 + -78. Suppose -1 = 13*o - u*o. Let r be 139 - 3*3*o/3. Calculate the highest common divisor of 17 and r.
17
Let q = -3 + 33. Suppose 12 = 18*b - 22*b, 0 = 4*a + 5*b - 129. Calculate the highest common factor of a and q.
6
Let v be 4 + 110 + -18*10/(-30). What is the highest common factor of v and 680?
40
Let o = 1974 + 483. What is the greatest common factor of 315 and o?
63
Let b = 338 - 326. Let p be 917/42 + 2/b. Calculate the greatest common factor of 55 and p.
11
Let k(i) = -23*i**2 + 2*i - 4. Let l be k(2). Let x = -47 - l. Let o(a) = 15*a**2 - a - 1. Let q be o(-1). What is the greatest common factor of q and x?
15
Let q = 18 - 15. Let g(w) = 4*w**2 + 2*w - 2. Let l be g(q). Let n = -121 + 281. What is the highest common divisor of n and l?
40
Let x(y) = 19*y**2 + 492*y + 21. Let n be x(-27). Calculate the greatest common divisor of n and 132.
12
Let t(c) = -17*c + 189. Let a be t(11). Suppose -a*q = -f - 135, -2*q = 3*q - 3*f - 335. What is the highest common divisor of 10 and q?
10
Let x(q) = 59*q + 0*q**2 + q**2 - 28 + 0*q**2 - 54*q. Let m be x(4). Let p be (-1287)/(-44) + 6/m. What is the highest common divisor of 45 and p?
15
Suppose -9*m = -q + 1763 - 17, 5163 = 3*q - 2*m. Calculate the greatest common divisor of 27 and q.
9
Let g be (-3)/6 + (-10096)/(-32). Let z = g + -279. Suppose k = -0*k + 45. What is the highest common factor of k and z?
9
Suppose -5*p + 8*p - 9 = -5*i, 2*i + 38 = 4*p. Suppose -5*c = -p*c. Suppose -z + 4*z - 264 = c. Calculate the highest common factor of z and 8.
8
Let a be -1 - 3/(-5) - (-1533)/(-105). Let o be (-3)/15 - 33/a. Let i be 2/12*31 + o/(-12). What is the greatest common factor of 10 and i?
5
Let b be -1 + 12/14 + (-2022)/(-42). Suppose 15 = 7*